6666. Calculate w(-27).
6
Let i(u) = -16767*u - 620355. Give i(-37).
24
Let q(g) = -g**3 + 823*g**2 - 4049*g - 158. What is q(5)?
47
Let c(r) = 17*r + 1903. Give c(-89).
390
Let n(i) = 23*i**2 - 753*i + 5662. Calculate n(12).
-62
Let s(u) = 7*u**3 + 68*u**2 - 38*u - 15. Determine s(-10).
165
Let p(t) = 3*t**2 + 158*t - 1933. Determine p(13).
628
Let w(t) = -77*t**2 + 101. Calculate w(0).
101
Let c(w) = 112225*w + 2244507. Determine c(-20).
7
Let u(f) = f**3 - 493*f**2 + 25610*f - 417. Calculate u(59).
-181
Let b(x) = 9*x**3 - 683*x**2 - 42*x + 119. Calculate b(76).
2703
Let m(f) = -f**2 + 2599*f - 911652. What is m(418)?
6
Let a(m) = -2*m**3 - 32*m**2 + 127*m + 2587. Calculate a(-16).
555
Let u(d) = -132*d**2 - 54*d + 126. Calculate u(2).
-510
Let y(w) = 4791*w - 34253. Give y(7).
-716
Let u(w) = 254*w**2 + 2701*w - 118. Give u(-11).
905
Let j(t) = -2574*t + 7727. What is j(3)?
5
Let s(a) = -307*a**3 - 60*a**2 - 112*a + 7. What is s(-2)?
2447
Let l(c) = -4651*c + 139836. What is l(30)?
306
Let b(c) = -c**2 + 77*c + 745. What is b(-12)?
-323
Let b(x) = x**3 - 64*x**2 - 512*x + 304. Give b(71).
-761
Let s(h) = -h**3 - 41*h**2 + 74*h + 2065. Give s(-42).
721
Let y(t) = -t**2 + 8706*t - 303464. Determine y(35).
21
Let w(q) = 1538*q - 13904. Give w(9).
-62
Let s(v) = -532*v - 2242. Calculate s(-5).
418
Let r(m) = -5102431*m + 15307279. Determine r(3).
-14
Let s(b) = 3*b**3 - 809*b**2 - 188*b - 22147. Calculate s(270).
-7
Let h(r) = 440*r - 70457. Determine h(162).
823
Let f(q) = 75*q + 15112. Calculate f(-206).
-338
Let g(z) = 40*z**3 + 3361*z**2 + 146*z + 5210. Give g(-84).
2
Let k(f) = 6*f**2 + 179*f - 9704. Determine k(30).
1066
Let q(c) = -406*c + 2137. Determine q(5).
107
Let z(j) = -j**2 - 667*j - 59250. Determine z(-105).
-240
Let j(n) = n**3 + 18*n**2 + 248*n + 1085. Give j(-6).
29
Let u(a) = a**3 - 20*a**2 - 88*a + 597. Calculate u(19).
-1436
Let c(x) = 10462*x - 52289. Determine c(5).
21
Let p(o) = 340*o + 20471. Give p(-60).
71
Let l(n) = -7*n**3 - 8645*n**2 - 25884*n - 14777. Determine l(-1232).
7
Let i(t) = 1793*t + 30517. Calculate i(-17).
36
Let a(c) = 2*c**2 - 376*c - 4334. Give a(-11).
44
Let l(m) = m**2 + 10957*m + 6863425. Calculate l(-667).
-5
Let v(d) = -27986*d + 671662. Determine v(24).
-2
Let v(n) = -2024*n + 313654. What is v(155)?
-66
Let v(p) = -p**3 - 31*p**2 + 2*p + 130. What is v(-2)?
10
Let p(x) = -x**3 - 325*x**2 - 5832*x - 5528. Determine p(-306).
-20
Let q(z) = -29568*z + 295758. Determine q(10).
78
Let k(q) = 181*q**2 - 105339*q - 1777. Determine k(582).
-31
Let o(g) = 188*g**2 + 5477*g + 42. Give o(-29).
-683
Let u(z) = -z**2 - 75*z + 15196. Determine u(93).
-428
Let p(q) = -9*q**3 + 988*q**2 + 217*q - 432. Give p(110).
-762
Let j(s) = -6*s**2 + 184*s + 80. Give j(30).
200
Let c(h) = 21*h**2 + 60113*h - 692638. What is c(-2874)?
-4
Let z(b) = -908691*b - 3634756. Determine z(-4).
8
Let k(a) = 2*a**2 - 6388*a - 89866. Calculate k(-14).
-42
Let f(b) = 2*b**2 - 86*b - 825. What is f(-9)?
111
Let q(n) = -96*n**2 - 314*n + 1. Give q(-4).
-279
Let k(w) = 3*w**3 - 330*w**2 + 18*w - 1835. Determine k(110).
145
Let k(b) = -b**2 - 698*b - 113135. Give k(-254).
-359
Let m(g) = 3832*g - 819746. Give m(214).
302
Let a(m) = 13*m**3 + 6654*m**2 - 1022*m + 1295. Give a(-512).
271
Let o(l) = l**2 - 147*l + 5208. What is o(74)?
-194
Let q(r) = -r**2 + 44*r + 1898. Determine q(70).
78
Let r(z) = -98101*z + 1177207. Determine r(12).
-5
Let d(h) = 2699*h + 25055. What is d(-9)?
764
Let h(i) = -1891*i - 32133. Give h(-17).
14
Let a(q) = 202*q - 6964. Calculate a(34).
-96
Let j(c) = 14*c**2 + 366*c + 52. What is j(-31)?
2160
Let l(x) = x**3 - 1221*x**2 - 6170*x + 49046. What is l(1226)?
6
Let q(f) = 667*f + 393. Calculate q(0).
393
Let t(a) = -146*a - 2474. What is t(-18)?
154
Let t(g) = -g**2 - 30422*g - 8439739. Determine t(-280).
21
Let m(n) = -2*n**2 + 2477*n - 462342. Give m(229).
9
Let i(g) = -g**2 + 3796*g - 105458. Determine i(28).
46
Let c(j) = -j**3 - 172*j**2 - 5285*j - 198. Give c(-40).
2
Let r(p) = -136*p + 52049. Calculate r(383).
-39
Let o(q) = 7370*q + 7336. Calculate o(-1).
-34
Let j(n) = -12865*n + 295895. Calculate j(23).
0
Let j(c) = -2273*c**2 + 24992*c + 120. Determine j(11).
-1
Let f(h) = -13*h - 723. What is f(-88)?
421
Let r(t) = -402*t - 65282. Calculate r(-163).
244
Let h(a) = -23549*a + 306134. Give h(13).
-3
Let l(c) = c**3 + 47*c**2 - 49*c - 391. Determine l(-47).
1912
Let o(k) = -k**3 + 44*k**2 + 1816*k - 92. What is o(-26)?
12
Let c(h) = -21*h**2 - 107*h + 194. What is c(-6)?
80
Let n(h) = -h**3 - 304*h**2 - 907*h - 1214. Determine n(-301).
-10
Let o(y) = -y**2 + 83*y + 9166. Give o(-60).
586
Let s(r) = -r**3 + r**2 + 240*r + 1127. Calculate s(-4).
247
Let a(s) = s**3 + 25*s**2 + 393*s + 3718. Determine a(-14).
372
Let x(h) = 2*h**3 + 482*h - 1454. Give x(3).
46
Let r(l) = l**3 + 94*l**2 + 322*l - 5231. Determine r(-10).
-51
Let a(l) = l**3 + 3640*l**2 - 18161*l - 291. Calculate a(5).
29
Let j(n) = 2670*n - 534004. Calculate j(200).
-4
Let k(d) = 2396915*d + 2396910. Determine k(-1).
-5
Let q(t) = 5*t**3 + 56*t**2 - 125*t - 66. Determine q(-13).
38
Let b(p) = 132002*p + 1848004. Determine b(-14).
-24
Let v(o) = 17510*o + 51376. What is v(-3)?
-1154
Let v(n) = n**3 + 181*n**2 + 189*n + 1631. Give v(-180).
11
Let o(x) = -1550*x - 63441. Calculate o(-41).
109
Let v(f) = -2*f**3 - 5*f**2 + 282*f + 799. Calculate v(12).
7
Let g(o) = -3*o**3 + 409*o**2 - 4511*o + 4116. Give g(11).
-9
Let g(b) = -16*b**3 - 2265*b**2 + 997*b + 438. What is g(-142)?
12
Let j(n) = 74*n**2 + 45*n + 4. What is j(-3)?
535
Let g(v) = -446*v**2 - 10703*v - 65. Determine g(-24).
-89
Let s(h) = -h**3 - 42*h**2 + 30*h + 1225. What is s(-42)?
-35
Let u(s) = 14*s**3 + 488*s**2 - 10*s + 2108. What is u(-35)?
8
Let r(s) = -56*s**2 - 7667*s - 206. Determine r(-137).
-891
Let d(b) = -b**3 - 223*b**2 - 865*b + 2424. Give d(-219).
15
Let v(t) = 6045537*t + 12091079. Give v(-2).
5
Let d(i) = 3*i**3 - 391*i**2 - 600*i - 7910. Determine d(132).
10
Let l(g) = g**3 - 119*g**2 - 1134*g - 2246. Calculate l(128).
58
Let k(p) = 6*p**3 + 317*p**2 - 92*p - 1870. What is k(-53)?
197
Let i(b) = 4*b**3 + b**2 + 8*b + 119. What is i(-4)?
-153
Let i(c) = -c**3 - 125*c**2 + 26*c + 2476. Determine i(-125).
-774
Let n(d) = -25*d**3 - 3326*d**2 - 130*d + 412. Determine n(-133).
13
Let g(s) = 3378*s**2 - 10077*s - 102. What is g(3)?
69
Let s(j) = -j**3 - 84*j**2 + 169*j - 539. Calculate s(-86).
-281
Let r(s) = 1525*s**3 + 3*s**2. What is r(-1)?
-1522
Let x(r) = 200*r - 189. Give x(8).
1411
Let i(f) = -5*f**3 - 82*f**2 + 39*f - 202. Determine i(-17).
2
Let r(f) = -4915*f**3 + 39316*f**2 + 31*f + 5. What is r(8)?
-3
Let u(r) = 12*r**2 - 118*r + 50. Give u(12).
362
Let l(r) = 642*r - 958. Determine l(-4).
-3526
Let j(h) = -75*h**3 - 1197*h**2 + 46*h - 20. Calculate j(-16).
12
Let f(l) = -8525*l + 323955. Give f(38).
5
Let n(f) = 3*f**3 + 217*f**2 - 354*f + 1212. Calculate n(-74).
28
Let a(p) = -64*p**2 + 4034*p - 33941. What is a(10)?
-1
Let f(b) = -b**3 + 55*b**2 - 1228*b + 10800. Calculate f(21).
6
Let v(w) = -w**3 - 47*w**2 + 180*w - 7278. Determine v(-53).
36
Let l(q) = 104*q**2 - 1114*q + 1116. Give l(1).
106
Let x(c) = -775*c**3 - 6*c**2 + 14*c - 9. Determine x(1).
-776
Let n(g) = g**2 + 1229*g - 41500. Calculate n(33).
146
Let r(n) = -23*n + 293. Give r(-34).
1075
Let x(f) = 78*f**2 - 3840*f + 827. Determine x(49).
-55
Let j(d) = -612*d - 20376. Give j(-34).
432
Let g(h) = 149*h - 16402. What is g(110)?
-12
Let o(d) = -d**2 - d + 58. Give o(-5).
38
Let g(m) = 4347*m + 669443. What is g(-154)?
5
Let q(i) = 30*i**2 - 5182*i - 1164. Calculate q(173).
220
Let o(m) = -3*m**2 + 53*m + 25. Calculate o(-17).
-1743
Let a(b) = 11*b**3 - 106*b**2 - 184*b + 1427. Give a(10).
-13
Let k(c) = 23*c**3 + 169*c + 168. What is k(-1)?
-24
Let g(r) = 4402*r**2 + 131994*r - 1981. Determine g(-30).
-1
Let p(m) = 424*m + 18891. What is p(-44)?
235
Let p(n) = 94*n**2 - 83284*n + 2. Determine p(886).
2
Let q(v) = -v**3 - 5*v**2 - 73*v + 159. Give q(2).
-15
Let s(a) = 164*a**2 - 15*a - 10. Give s(1).
139
Let o(j) = 29*j**2 + 1582*j + 8447. What is o(-6)?
-1
Let l(n) = -42*n**2 + 195*n + 1123. What is l(8)?
-5
Let l(b) = 2*b**2 + 308*b - 17975. Give l(45).
-65
Let b(u) = -97*u + 3354. 